t k be 319 + h/(16/(-4)). Calculate the highest common factor of k and 29.
29
Let s = -4 - -5. Let b be (s + 4)*(2 - 1). Suppose 288 + 132 = b*m. What is the highest common divisor of m and 12?
12
Suppose -3*l + 5*l - 8 = 0. Suppose -14 = -o + l*i, -i = -4*i - 6. Calculate the greatest common divisor of 42 and o.
6
Let h be 651/9 - 4/(-6). Suppose -h = -4*o - 25. Let w = 373 + -265. What is the highest common divisor of w and o?
12
Let n = -8 + 22. What is the highest common factor of 77 and n?
7
Let z(m) = m**3 + 3*m**2 - 3*m. Let q be z(-3). Calculate the highest common factor of 3 and q.
3
Let z be ((-2)/(-4))/(18/36). What is the greatest common divisor of 1 and z?
1
Let t = 3 - 9. Let x = t + 3. Let i(d) = 5*d**2 + 4*d. Let p be i(x). What is the greatest common factor of 11 and p?
11
Let x be (-4)/(-12) - (-101)/3. Calculate the highest common divisor of x and 17.
17
Let s = 25 + -5. Calculate the highest common divisor of s and 4.
4
Let n(x) = 3*x**2. Let p be n(-4). Suppose -5*r - 29 = -g, -4*g = -0*r - 3*r - p. Suppose 98 + 10 = 3*z. Calculate the highest common factor of g and z.
9
Suppose 3*w + 3*w - 78 = 0. What is the greatest common factor of 104 and w?
13
Let h(m) = -m**2 + 6*m + 11. Let d be h(7). Suppose -2*i = 2, 4*i - 11 = v - 4*v. Suppose -x - d = -v. What is the greatest common factor of 1 and x?
1
Suppose -2*j = -2*x + 56, 0 = x + 4*j - j - 32. Calculate the highest common divisor of 377 and x.
29
Suppose 4*t = -3*r - r + 120, -r = 4*t - 117. Calculate the greatest common divisor of t and 319.
29
Let y be ((-12)/10)/(4/10). Let j = y - -7. Suppose 0 = -j*x + 9 + 31. What is the greatest common factor of 20 and x?
10
Suppose -3*y - 4*k - k + 29 = 0, 105 = 5*y - 3*k. Let h be 12/9*594/4. Calculate the greatest common factor of h and y.
18
Let n(c) = -c**3 + 9*c**2 + 7*c + 34. Let z be n(10). Calculate the highest common divisor of z and 32.
4
Let k be (-11)/(-55) + 49/5. Let h be 564/k - 2/5. What is the highest common divisor of 8 and h?
8
Let i(g) = -g**2 - 21*g - 44. Let m be i(-18). Calculate the greatest common factor of 2 and m.
2
Let y(c) = 11*c + 1. Let s be y(1). Let a(k) = 1 - 3*k + s*k + k**2 + 5. Let n be a(-9). Calculate the greatest common factor of n and 6.
6
Suppose -n + 68 = 12. Suppose 3*i - 3*q = 42, q - 3*q = 0. What is the greatest common divisor of i and n?
14
Let v(r) = 2*r**3 - 4*r**2 + 7*r - 14. Let h be v(4). What is the highest common factor of h and 26?
26
Suppose -3*r = g - 48, 4*r - 2*r = 2*g + 40. What is the highest common divisor of r and 17?
17
Suppose 3*x + 10 - 60 = -v, 14 = x - v. Let n = 6 + -3. Suppose -2*p - c = -85, -4*p = -9*p + n*c + 185. What is the greatest common divisor of p and x?
8
Let r(n) = -n**3 - 3*n**2 + 3*n - 4. Let l be r(-4). Suppose -i - 3*i + 32 = l. What is the highest common factor of i and 8?
8
Let z be (-455)/(-5)*6/7. Calculate the greatest common factor of 26 and z.
26
Let o be 6/(-4)*40/(-6). Let r be 6/(-9) - (-11)/3. Suppose z - 10 = -r*j, 4 = 3*z - 2*z. Calculate the highest common factor of j and o.
2
Let v(u) = -u + 5. Let g be v(-4). What is the greatest common factor of 45 and g?
9
Let n be 6*(20/6 - 2). Let k = 20 - n. What is the highest common divisor of 30 and k?
6
Suppose -5*y - 3*c = -117, 10 = y + 4*c - 27. What is the highest common factor of y and 105?
21
Let y(w) = w**2 - 10*w + 14. Suppose -2*u - 3*h = -10, 41 = 4*u + 2*h + 5. Let z be y(u). Calculate the highest common factor of 275 and z.
25
Let f(v) = 2*v**2 - 4*v + 8. Let d be f(6). What is the highest common factor of 14 and d?
14
Let i be 1*(-381)/(-3 - 0). Suppose i = 5*n - 38. What is the highest common factor of n and 22?
11
Let p = -61 - -145. Suppose -118*g = -115*g - 63. What is the highest common factor of g and p?
21
Suppose 3*x - x + 78 = 3*o, 3*o + 2*x - 90 = 0. What is the highest common divisor of o and 7?
7
Let i be (-1)/(-3) + 60/9. What is the greatest common factor of i and 7?
7
Let q be ((-15)/(-10))/(6/120). Calculate the greatest common factor of 120 and q.
30
Let y(t) = -2*t - 2. Let b be 11/(-3) - 2/(-3). Let m be y(b). Let o(r) = -11*r + 3. Let n be o(-3). Calculate the greatest common divisor of m and n.
4
Let l be 0 + -2 + 1 + 21 + -12. Calculate the greatest common factor of l and 32.
8
Let u(w) = -w**3 - 8*w**2 - 11*w - 10. Let c be u(-7). Calculate the greatest common divisor of 90 and c.
18
Suppose 0 = -0*c + c - 32. Suppose z + c = 200. What is the highest common factor of 21 and z?
21
Let w(s) be the first derivative of 5*s**2 - 18*s + 7. Let u be w(8). What is the highest common divisor of u and 155?
31
Suppose -3*c = a + c - 4, 5*c + 63 = 3*a. Let o = 5 - 1. Suppose 3*n - 300 = -3*s, -o*n + 4*s + 372 = s. Calculate the greatest common divisor of n and a.
16
Let z be (3/6 - 0) + 100/8. What is the greatest common divisor of 169 and z?
13
Let m = -149 - -319. What is the highest common factor of 34 and m?
34
Suppose 0 = x - 1. Let q be 2 + (-1)/(x/(-6)). Suppose -33 = -3*b - 3*g + 6*g, -2*g - q = 0. What is the highest common divisor of b and 56?
7
Suppose -36 - 176 = -2*b. Suppose 3*k - 41 - b = 0. What is the highest common factor of k and 7?
7
Let z = 1 - -1. Let m(h) = -6*h + 16*h**z + 7*h - 4*h. Let j be m(-3). Calculate the highest common factor of 17 and j.
17
Suppose r + 2*x = 41, -2*x - 213 = -5*r + 40. What is the highest common factor of 7 and r?
7
Let g(p) be the second derivative of 0 - p - 1/2*p**3 - 7/2*p**2. Let t be g(-5). Calculate the highest common divisor of t and 88.
8
Let x(j) = -j**3 + 7*j**2 + 10*j + 3. Let m be x(8). Calculate the greatest common divisor of 38 and m.
19
Let b = 19 - -1. What is the greatest common factor of 4 and b?
4
Suppose 7*j - 2*n - 8 = 2*j, -n - 4 = j. Suppose 25 = 5*f - j*f. What is the greatest common divisor of f and 35?
5
Let r(z) = z - 9. Let o(t) = -t**2 - 6*t + 5. Let w be o(-5). Let i be r(w). Let l = -28 + 39. What is the greatest common divisor of l and i?
1
Let r = 0 - 1. Let k(u) = -u**2 + u + 1. Let n be k(r). Let g be 59 - (1 + (0 - n)). What is the highest common factor of 19 and g?
19
Let y(a) = -19*a - 2. Let r = -1 + -1. Let l be y(r). Let j(z) = z**2 - z - 2. Let h be j(-4). Calculate the greatest common divisor of l and h.
18
Let f = 333 + -168. What is the greatest common divisor of 15 and f?
15
Let h = -6 - -17. What is the highest common factor of h and 121?
11
Let f be ((-660)/(-18))/((-4)/(-6)). What is the greatest common factor of f and 10?
5
Suppose -6*u = -5*u + 345. Let l be 4/5*u/(-6). Suppose -116 - l = -i. Calculate the greatest common divisor of i and 18.
18
Let j(s) = -9*s - 3. Let k be j(-4). Let t(p) = -2*p - 1. Let w be t(-2). What is the greatest common factor of w and k?
3
Let d be (27 - -13) + 1*-2. Calculate the greatest common factor of d and 57.
19
Let c = 1 - 1. Suppose -5 = -5*w - 25. Let o be (-1 + c + -6)*w. What is the greatest common factor of o and 70?
14
Suppose -1 + 6 = 5*q. Let t be 3/4 - 10/(-8). Let u be t*1 - (-13 + 7). Calculate the greatest common divisor of q and u.
1
Suppose -2*q + 0*q + 80 = 2*h, -q + 5*h = -10. Let t(g) = -7*g**3 - g**2 - 3*g - 2. Let j be t(-1). What is the highest common factor of j and q?
7
Suppose -8*i = j - 3*i - 129, -444 = -4*j - 2*i. Let g be 387/(-6) - 2/(-4). Let r = j + g. What is the highest common factor of r and 15?
15
Let m be (-1 + (-4)/1)*-1. Suppose 0 = -s - 5*x - 0*x + 88, 5*s = m*x + 290. Suppose 0*r = r - s. Calculate the greatest common divisor of r and 7.
7
Suppose 2*l = 4*l. Suppose l = 2*a - 104 - 66. Calculate the highest common divisor of 17 and a.
17
Let c(b) = 23*b**2 + 2*b + 2. Let o be c(-2). Calculate the highest common divisor of 36 and o.
18
Suppose -4*l + 10 = o + 53, o = -3*l - 32. Let f be 3/9*(-2 - l). Suppose f - 7 = -2*y. Calculate the highest common divisor of 5 and y.
1
Suppose 0 = -4*v + 3*s + 32 + 8, 5*v - 4*s - 51 = 0. Let c be ((-1)/(-2)*0)/(-2). Suppose n - v = -c. What is the greatest common factor of n and 28?
7
Suppose t - 3*t - 13 = -3*a, 0 = 5*a + t - 13. Suppose -3*s = a - 12. Calculate the greatest common factor of s and 12.
3
Let c = 26 - -34. Calculate the highest common divisor of 24 and c.
12
Suppose -13 - 7 = -5*g. Suppose g*h - 15 = -h. What is the highest common fa